{"id":141,"date":"2021-02-09T08:57:53","date_gmt":"2021-02-09T06:57:53","guid":{"rendered":"https:\/\/adeal.datalatu.fi\/?page_id=141"},"modified":"2021-03-26T15:14:59","modified_gmt":"2021-03-26T13:14:59","slug":"hoitola","status":"publish","type":"page","link":"https:\/\/adeal.fi\/?page_id=141","title":{"rendered":"Hoitola"},"content":{"rendered":"\n\n\t<p>Kauneushoitola Adeal on kodin yhteydess\u00e4 toimiva hoitola, jossa saat eritt\u00e4in henkil\u00f6kohtaisen ja juuri Sinun tarpeeseesi sopivia palveluita niin, ett\u00e4 toiveesi tulevat huomioiduksi.<\/p>\n<p>Kotihoitolassa asioi ainoastaan yksi asiakas kerrallaan.<\/p>\n<p>&nbsp;<\/p>\n\t\t\t\t<img loading=\"lazy\" decoding=\"async\" src=\"https:\/\/adeal.fi\/wp-content\/uploads\/2021\/03\/Hoitola-scaled.jpeg\" alt=\"Hoitola\" itemprop=\"image\" height=\"2560\" width=\"1803\" title=\"Hoitola\" onerror=\"this.style.display='none'\"  \/>\n\n","protected":false},"excerpt":{"rendered":"<p>Kauneushoitola Adeal on kodin yhteydess\u00e4 toimiva hoitola, jossa saat eritt\u00e4in henkil\u00f6kohtaisen ja juuri Sinun tarpeeseesi sopivia palveluita niin, ett\u00e4 toiveesi tulevat huomioiduksi. Kotihoitolassa asioi ainoastaan yksi asiakas kerrallaan. &nbsp;<\/p>\n","protected":false},"author":2,"featured_media":0,"parent":0,"menu_order":0,"comment_status":"closed","ping_status":"closed","template":"","meta":{"footnotes":""},"class_list":["post-141","page","type-page","status-publish","hentry"],"_links":{"self":[{"href":"https:\/\/adeal.fi\/index.php?rest_route=\/wp\/v2\/pages\/141","targetHints":{"allow":["GET"]}}],"collection":[{"href":"https:\/\/adeal.fi\/index.php?rest_route=\/wp\/v2\/pages"}],"about":[{"href":"https:\/\/adeal.fi\/index.php?rest_route=\/wp\/v2\/types\/page"}],"author":[{"embeddable":true,"href":"https:\/\/adeal.fi\/index.php?rest_route=\/wp\/v2\/users\/2"}],"replies":[{"embeddable":true,"href":"https:\/\/adeal.fi\/index.php?rest_route=%2Fwp%2Fv2%2Fcomments&post=141"}],"version-history":[{"count":3,"href":"https:\/\/adeal.fi\/index.php?rest_route=\/wp\/v2\/pages\/141\/revisions"}],"predecessor-version":[{"id":308,"href":"https:\/\/adeal.fi\/index.php?rest_route=\/wp\/v2\/pages\/141\/revisions\/308"}],"wp:attachment":[{"href":"https:\/\/adeal.fi\/index.php?rest_route=%2Fwp%2Fv2%2Fmedia&parent=141"}],"curies":[{"name":"wp","href":"https:\/\/api.w.org\/{rel}","templated":true}]}}