{"id":167,"date":"2021-02-09T11:41:51","date_gmt":"2021-02-09T09:41:51","guid":{"rendered":"https:\/\/adeal.datalatu.fi\/?page_id=167"},"modified":"2024-10-28T10:20:27","modified_gmt":"2024-10-28T08:20:27","slug":"etusivu","status":"publish","type":"page","link":"https:\/\/adeal.fi\/","title":{"rendered":"etusivu"},"content":{"rendered":"\n\n\t<p>Hei kaikki tutut sek\u00e4 ihanat asiakkaat!<\/p>\n<p>Valitettavasti joudun luopumaan hoitolatoiminnasta Klaukkalan Gunnarintiell\u00e4 muuton vuoksi. N\u00e4in ollen en pysty ottamaan uusia varauksia. Tavoitteeni on l\u00f6yt\u00e4\u00e4 uudet tilat vuoden vaihteen j\u00e4lkeen, jonne vanhat sek\u00e4 uudet asiakkaat ovat syd\u00e4mellisesti tervetulleita. Infoan asiasta kaikin mahdollisin keinoin, kun homma nytk\u00e4ht\u00e4\u00e4 eteenp\u00e4in.<\/p>\n<p>Luonnollisesti k\u00e4ytt\u00e4m\u00e4tt\u00f6m\u00e4t <strong>lahjakortit sek\u00e4 hierontasarjakortit<\/strong> maksetaan takaisin. Niiden tiimoilta pyyt\u00e4isin yhteydenottoa tekstiviestill\u00e4 040 528 0044. Ilmoitathan tilinumerosi, nimesi sek\u00e4 lahjakortilla mainitun summan\/palvelun.<\/p>\n<p>Valitettavasti puheluihin ei en\u00e4\u00e4 vastata.<\/p>\n<p>Kiitos kaikille &lt;3<\/p>\n<p>Terveisin,<\/p>\n<p>Anni<\/p>\n<p>&nbsp;<\/p>\n<p>&nbsp;<\/p>\n\n","protected":false},"excerpt":{"rendered":"<p>Hei kaikki tutut sek\u00e4 ihanat asiakkaat! Valitettavasti joudun luopumaan hoitolatoiminnasta Klaukkalan Gunnarintiell\u00e4 muuton vuoksi. N\u00e4in ollen en pysty ottamaan uusia varauksia. Tavoitteeni on l\u00f6yt\u00e4\u00e4 uudet tilat vuoden vaihteen j\u00e4lkeen, jonne vanhat sek\u00e4 uudet asiakkaat ovat syd\u00e4mellisesti tervetulleita. Infoan asiasta kaikin mahdollisin keinoin, kun homma nytk\u00e4ht\u00e4\u00e4 eteenp\u00e4in. Luonnollisesti k\u00e4ytt\u00e4m\u00e4tt\u00f6m\u00e4t lahjakortit sek\u00e4 hierontasarjakortit maksetaan takaisin. Niiden tiimoilta &hellip; <\/p>\n","protected":false},"author":2,"featured_media":0,"parent":0,"menu_order":0,"comment_status":"closed","ping_status":"closed","template":"","meta":{"footnotes":""},"class_list":["post-167","page","type-page","status-publish","hentry"],"_links":{"self":[{"href":"https:\/\/adeal.fi\/index.php?rest_route=\/wp\/v2\/pages\/167","targetHints":{"allow":["GET"]}}],"collection":[{"href":"https:\/\/adeal.fi\/index.php?rest_route=\/wp\/v2\/pages"}],"about":[{"href":"https:\/\/adeal.fi\/index.php?rest_route=\/wp\/v2\/types\/page"}],"author":[{"embeddable":true,"href":"https:\/\/adeal.fi\/index.php?rest_route=\/wp\/v2\/users\/2"}],"replies":[{"embeddable":true,"href":"https:\/\/adeal.fi\/index.php?rest_route=%2Fwp%2Fv2%2Fcomments&post=167"}],"version-history":[{"count":22,"href":"https:\/\/adeal.fi\/index.php?rest_route=\/wp\/v2\/pages\/167\/revisions"}],"predecessor-version":[{"id":680,"href":"https:\/\/adeal.fi\/index.php?rest_route=\/wp\/v2\/pages\/167\/revisions\/680"}],"wp:attachment":[{"href":"https:\/\/adeal.fi\/index.php?rest_route=%2Fwp%2Fv2%2Fmedia&parent=167"}],"curies":[{"name":"wp","href":"https:\/\/api.w.org\/{rel}","templated":true}]}}