{"id":618,"date":"2023-05-13T22:00:34","date_gmt":"2023-05-13T19:00:34","guid":{"rendered":"https:\/\/adeal.fi\/?page_id=618"},"modified":"2023-05-13T22:11:20","modified_gmt":"2023-05-13T19:11:20","slug":"saapuminen","status":"publish","type":"page","link":"https:\/\/adeal.fi\/?page_id=618","title":{"rendered":"Saapuminen"},"content":{"rendered":"\n\n\t<p>Kauneushoitola Adeal<\/p>\n<p>Gunnarintie 1 A, huoneisto 16.<\/p>\n<p>4. kerros (talossa on hissi sek\u00e4 py\u00f6r\u00e4tuoliramppi).<\/p>\n<p><strong>Ovikoodin saat ajanvarauksen yhteydess\u00e4 s\u00e4hk\u00f6postiisi varausvahvistuksessa tai tekstiviestitse.<\/strong><\/p>\n\t\t\t\t<img loading=\"lazy\" decoding=\"async\" src=\"https:\/\/adeal.fi\/wp-content\/uploads\/2023\/05\/MAPS.jpg\" alt=\"MAPS\" itemprop=\"image\" height=\"338\" width=\"591\" title=\"MAPS\" onerror=\"this.style.display='none'\"  \/>\n\t\t\t\t<img loading=\"lazy\" decoding=\"async\" src=\"https:\/\/adeal.fi\/wp-content\/uploads\/2023\/05\/SISAANKAYNTI.jpg\" alt=\"SIS\u00c4\u00c4NK\u00c4YNTI\" itemprop=\"image\" height=\"478\" width=\"626\" title=\"SIS\u00c4\u00c4NK\u00c4YNTI\" onerror=\"this.style.display='none'\"  \/>\n\n","protected":false},"excerpt":{"rendered":"<p>Kauneushoitola Adeal Gunnarintie 1 A, huoneisto 16. 4. kerros (talossa on hissi sek\u00e4 py\u00f6r\u00e4tuoliramppi). Ovikoodin saat ajanvarauksen yhteydess\u00e4 s\u00e4hk\u00f6postiisi varausvahvistuksessa tai tekstiviestitse.<\/p>\n","protected":false},"author":2,"featured_media":0,"parent":0,"menu_order":0,"comment_status":"closed","ping_status":"closed","template":"","meta":{"footnotes":""},"class_list":["post-618","page","type-page","status-publish","hentry"],"_links":{"self":[{"href":"https:\/\/adeal.fi\/index.php?rest_route=\/wp\/v2\/pages\/618","targetHints":{"allow":["GET"]}}],"collection":[{"href":"https:\/\/adeal.fi\/index.php?rest_route=\/wp\/v2\/pages"}],"about":[{"href":"https:\/\/adeal.fi\/index.php?rest_route=\/wp\/v2\/types\/page"}],"author":[{"embeddable":true,"href":"https:\/\/adeal.fi\/index.php?rest_route=\/wp\/v2\/users\/2"}],"replies":[{"embeddable":true,"href":"https:\/\/adeal.fi\/index.php?rest_route=%2Fwp%2Fv2%2Fcomments&post=618"}],"version-history":[{"count":4,"href":"https:\/\/adeal.fi\/index.php?rest_route=\/wp\/v2\/pages\/618\/revisions"}],"predecessor-version":[{"id":627,"href":"https:\/\/adeal.fi\/index.php?rest_route=\/wp\/v2\/pages\/618\/revisions\/627"}],"wp:attachment":[{"href":"https:\/\/adeal.fi\/index.php?rest_route=%2Fwp%2Fv2%2Fmedia&parent=618"}],"curies":[{"name":"wp","href":"https:\/\/api.w.org\/{rel}","templated":true}]}}